 z(b).
4
Let b(c) = c**2 - 9*c - 7. Let f(t) = -6*t**2 + 115*t + 107. Let s be f(20). Give b(s).
-21
Suppose n + 229 - 197 = -3*z, -4*n - 108 = 2*z. Let r(f) = -2*f**3 - 51*f**2 + 20*f - 151. Give r(n).
5
Let l(n) = 4*n**2 - 4*n**2 - 26 + 28*n + 3*n**2 - 39*n - 48*n. Let g be l(20). Let y(z) be the second derivative of -z**3/3 - 7*z**2/2 + z. Determine y(g).
5
Let h(c) = -c**2 + 12*c - 7. Let s(v) = -2*v**3 + 96*v**2 - 3*v + 155. Let y be s(48). Give h(y).
4
Let v(g) be the third derivative of -1/6*g**3 + 0*g + 23*g**2 + 0 - 1/24*g**4. Let b = 60 + -57. Calculate v(b).
-4
Let p(g) = 8*g**2 + 79*g - 91. Let t be p(-11). Let i(l) = l**3 - 9*l**2 + 2*l + 44. Determine i(t).
-4
Let v = -22 + 13. Let j(l) = -9*l**2 + 6 - 43*l**3 + 20*l**3 - 1 + 22*l**3 + 2*l. Give j(v).
-13
Let g(v) = -v**2 - 5*v + 6. Suppose 2*y = -4*q, 2*q = 4*y - 9*y. Suppose -3*u + 5*f = -u - 31, q = 2*u + 3*f - 55. Let s = 17 - u. Determine g(s).
0
Let d(f) = -f**2 + f + 6. Let p(m) = -2*m**3 - 4*m**2 + 4*m - 2. Let v be p(-3). Determine d(v).
-6
Let k(t) = 2*t + 5. Suppose h - 7*q - 3 = -11*q, 0 = 5*h - 3*q + 77. Determine k(h).
-21
Let h(x) = -5*x**2 - 7*x - 4. Let a(g) = 4*g**2 + 7*g + 4. Let j(d) = 6*a(d) + 5*h(d). What is j(6)?
10
Suppose -f = 9 - 21. Let r(i) = i + 66. Let q(t) = -t - 85. Let s(g) = 4*q(g) + 5*r(g). Give s(f).
2
Let u(n) = -n - 6. Suppose 57*g - 51*g = 300. Suppose 21*x - 11*x + g = 0. Determine u(x).
-1
Suppose -64498 + 64516 = 2*q. Let l(o) = -o**2 + 1. Let z(c) = -5*c**2 + 12*c - 5. Let x(p) = -4*l(p) + z(p). Determine x(q).
18
Let f(v) = 4*v + 3. Let g(r) = r - 8*r - 2*r - 11 + r**2 + 6*r. Let u be g(6). Suppose u - 1 = -3*c. Calculate f(c).
-5
Let t(f) be the first derivative of 3 - 2/3*f**3 - 4*f + 0*f**2 + 1/4*f**4. Suppose 14*q - 32*q + 54 = 0. What is t(q)?
5
Let r(p) be the second derivative of -2 + 0*p**2 + 1/20*p**5 + 7/3*p**3 - 26*p - 5/4*p**4. Calculate r(14).
0
Let f(o) = 0*o**2 + 2*o**2 + 19*o + 61 + 57 - 84. Determine f(-7).
-1
Let f(q) = -q**3 + 7*q**2 - 11*q + 7. Let i(j) = 7*j - 128. Let w be (38 + 0)*(-36)/(-72). Let o be i(w). What is f(o)?
2
Let w be 4/(5/(105/(-14))). Let o = 11 + w. Let b(v) = v**2 - 7. What is b(o)?
18
Let q(l) = 42*l**2 + 12*l - 43*l**2 - l - 12. Let c be q(10). Let a(p) = p**3 - 3*p - 2. What is a(c)?
-4
Suppose 2*j = 7 - 1. Let z(s) = 2 - 18*s + 15*s + 1128*s**2 + 1126*s**2 - 2253*s**2. Give z(j).
2
Let j(o) be the third derivative of -o**5/10 + 29*o**4/12 - 6*o**3 + 54*o**2. Let k be j(9). Let w(h) = -h**2 + h + 15. Determine w(k).
15
Let w(l) = 49 + 257*l - 78 - 261*l. Give w(-5).
-9
Let x be (-1)/(-2)*4*1. Let w(p) = -p**3 - 6*p + 3*p**2 - 5*p**x + 10*p**2. Suppose -97*l = -104*l + 49. Calculate w(l).
7
Let m be 21/(-49) - 38/(-7). Suppose -13*v = -18*v + 180. Let l(z) = 13 + 20 - 3*z - v. Give l(m).
-18
Let b(y) = -85 + 3*y + 158 - 59 + 0*y - y. Suppose 0 = 4*n + p + 44, -7*n + 3*n - 44 = 2*p. Determine b(n).
-8
Let d(t) = 2*t**3 + t**2 - 3*t + 10. Suppose 0 = -303*v + 300*v + 3*k + 24, -5*k = -4*v + 40. Calculate d(v).
10
Let s(h) = h**2 + 13*h + 17. Let d = 741 - 551. Let i = 178 - d. Give s(i).
5
Let i(z) = -8*z + 163. Suppose 5*k - 846 = -b - 820, 0 = -4*b + 3*k + 81. Calculate i(b).
-5
Suppose 5*g - 4*x = -22 + 6, -40 = 2*g + 4*x. Let k(d) = d**2 + 3 - 2 + 8*d + 8. Determine k(g).
9
Let u = -7 - -5. Let h(c) = 2*c**3 - 16*c**2 + c - 6. Let t be h(8). Let w(g) = 2*g - 22 + 21 - 5*g + t*g. Determine w(u).
1
Let a(x) be the third derivative of -1/24*x**4 + 1/2*x**3 + 0*x - x**2 + 0. Give a(2).
1
Let l(k) be the first derivative of k**3/6 + k**2 - 52*k - 45. Let r(t) be the first derivative of l(t). Determine r(4).
6
Let m be (-2)/(-18)*2 - (-306)/81. Suppose -16 = m*h, k - 5*h - 7 = 7. Let q(b) = b**2 + 3*b - 14. Calculate q(k).
4
Let i(q) = q**3 + 7*q**2 + 5*q - 2. Let u(m) = -15 + 7 - 6 + 1 + 8*m - m**2. Let c be u(7). Calculate i(c).
4
Let j(t) = 16*t + 19. Let g(x) = 30*x + 35. Let a(o) = -6*g(o) + 11*j(o). Determine a(9).
-37
Let i(j) = -2*j**3 - 12*j**2 + 8. Let y be i(-6). Let n(c) = 0*c - 6*c + y*c. What is n(1)?
2
Suppose 4*h - 38 = -g, 4*g + 14 = 2*h + 2*g. Suppose 2*i - 15 + h = 0. Suppose -7*j = -i*j + 20. Let o(d) = d + 5. Determine o(j).
0
Suppose -19*z + 14*z = -760. Suppose 2*w + 140 - z = 0. Let v(n) = -n + 1. What is v(w)?
-5
Let a(c) be the first derivative of -15 - 2*c - 1/2*c**2 + 1/6*c**3 - 13/12*c**4. Let b(w) be the first derivative of a(w). Determine b(1).
-13
Let r(v) = v + 40. Let f be 13/((-13)/44) + 4/1. Let w be r(f). Let d(j) = j**2 - 2*j + 1. Give d(w).
1
Let d(q) be the third derivative of -q**8/20160 + q**7/560 - 7*q**6/360 + 43*q**5/15 - 40*q**2 - 5. Let c(w) be the third derivative of d(w). Determine c(6).
4
Let z(g) = 185*g**2 + 49 - 64*g**2 - 58*g**2 + 11 - 62*g**2 + 29*g. Determine z(-27).
6
Let q(u) = u**3 - 3*u**2 + 2. Let h be q(3). Let m(l) be the first derivative of 4*l - 5 - 2/3*l**3 + 3/2*l**h. What is m(3)?
-5
Let q(i) be the second derivative of -29*i**4/6 + i**3/3 + i**2/2 - 814*i. Determine q(-1).
-59
Let b(l) = l - 1. Let x(s) = -s**2 + 18*s - 25. Let t be x(15). Suppose -35 = -5*y - 5*r, 4*r = 2*y - 0 - t. Suppose -4*u = -0*u - y. Calculate b(u).
1
Let v(p) = 3*p**2 - 97*p - 177. Let n be v(34). Let a(l) = l**3 + 6*l**2 - 12*l - 8. What is a(n)?
27
Let v(i) = -i. Suppose -2*y + 3*h + 2 = h, h = 3*y + 1. Let u(m) be the first derivative of 7*m**2/2 + m + 8. Let r(k) = y*u(k) - 6*v(k). Give r(4).
-5
Let d(a) = -9*a + 5 + 3*a**2 + 2*a**2 - 4*a**2. Let w(k) = 850*k**2 - 13600*k + 8. Let f be w(16). Calculate d(f).
-3
Let f be 4/42 - (8/((-336)/269) - -5). Let y(b) be the second derivative of 0 + 15*b - 1/6*b**3 + f*b**2. What is y(3)?
0
Let q(j) = -18*j - 42. Let y be -322 + 315 + (5 - 0). Give q(y).
-6
Let j be ((-3)/(36/(-8)) - (-1037)/(-183))/1. Let c(v) = -v**2 - 9*v - 7. Determine c(j).
13
Let j(v) = -v**2 - 18*v - 62. Suppose 203*z - 787 = -149*z - 5363. Determine j(z).
3
Let u(j) = j**2 - 5*j. Suppose -6 = -5*m + 2*m + 2*b, -5*m + 2*b + 10 = 0. Suppose -y = 0, m*i - 2*y + 27 = 3*i. Let d = 33 - i. Determine u(d).
6
Let k(b) = 4 - 6*b + 6 - 4 - 19*b + 112. Calculate k(5).
-7
Let b(v) = -6*v - 7. Let g(d) = 13*d + 17. Let z = -660 + 655. Let s(o) = z*b(o) - 2*g(o). Calculate s(-1).
-3
Suppose g = -4*d + 20, 3*d - 5 = g + 17. Let h(q) = -8 + 1969*q - 3920*q - q**2 + 0 + 1962*q. Determine h(d).
22
Let s(l) = -5*l - 20. Let b(m) = 8*m - 30. Let y be b(2). Let a(w) = -2*w - 9. Let h(v) = y*a(v) + 6*s(v). Calculate h(4).
-2
Let w(k) be the second derivative of k**3/6 + 9*k**2/2 + 42913*k - 4. Suppose -5*t - 25 = 0, 0*t - t + 5 = -i. Give w(i).
-1
Let v(i) = 6*i. Let c(s) = 7*s + 1. Let p(a) = -5*c(a) + 6*v(a). Suppose -71 = 4*j - 71. Suppose j = -36*l + 32*l. Give p(l).
-5
Let l(v) = 5*v**2 + 91*v + 53. Let y(b) = -b**2 - 19*b. Let j(w) = -l(w) - 4*y(w). Give j(-9).
1
Let n(a) = -a**2 - a + 77. Let z = 3473 + -3473. What is n(z)?
77
Let a(z) be the second derivative of z**5/20 - 23*z**4/12 - z**3/6 - 11*z**2/2 + 10*z + 10. Calculate a(23).
-34
Let i(x) = -x**3 - 12*x**2 - 9*x - 14. Let f(w) = 9*w + 223. Let h be f(-26). Determine i(h).
-36
Let i(h) = -129 - 121 - 8*h - 160 - h**2 + 474. Determine i(-13).
-1
Suppose -141*f = -424 - 563. Let y(o) = -o**3 + 4*o**2 + 18*o - 13. Give y(f).
-34
Suppose 2*k - 122 = m - 2*k, 5*k - 25 = 0. Let y = m - -108. Let h(w) = -w**3 + 4*w**2 + 9*w - 8. Give h(y).
-26
Let p(m) = -m**2 + 1. Suppose -h = 5*j - 389, j - 48 = -5*h + 25. Let a = -77 + j. Let t(s) = -10*s**2 - s - 1. Let u(q) = a*t(q) + 2*p(q). Determine u(1).
-12
Let z(a) = -854 + a**3 - 768 + 1711 - 55*a + 25*a**2 + 2*a**2. Calculate z(-29).
2
Let o(s) = -58*s**2 - 4*s + 41. Let a(v) = -12*v**2 - v + 8. Let y(p) = 31*a(p) - 6*o(p). Give y(2).
-108
Suppose 69*w = -81 + 12. Let k(y) = -36*y + 2. Determine k(w).
38
Let s be (-225)/15 + (-45)/(-5). Let i(y) = -2*y**2 - 3*y - 6. What is i(s)?
-60
Suppose -5*b + 4*i - 1 = 5, -b - 5*i = -22. Let n(g) = -3*g**b - 4 - g - 3*g**2 - 2*g**2 + 0*g**2 + 9*g**2. What is n(0)?
-4
Let c(h) be the first derivative of -h**4/12 + h**3/6 - 33*h**2 + 14. Let a(w) be the second derivative of c(w). Determine a(-6).
13
Let p(w) = 32*w**3 + 24*w**2 + 32*w - 20. Let q(j) = -6*j**3 - 5*j**2 - 6*j + 4. Let n(k) = 2*p(k) + 11*q(k). What